 y?
2, 41
Let d be (3 + (-3 - -1))*-8. Let s be (d/(-12))/((-1)/(-3)). Suppose -8 = -4*g, -x + s*g + 3 = -2*g. What are the prime factors of x?
11
Let a be (65/(-10))/((-2)/4). Let y = a + 14. Suppose -5*o = -y + 2. List the prime factors of o.
5
Let j = 14 - 11. Suppose o - w - j*w = 10, -o + 3*w = -11. Suppose -8 = -2*k + o. List the prime factors of k.
11
Let q = -5359 + 9039. What are the prime factors of q?
2, 5, 23
Let l(u) = -4*u + 1. Let j be l(-1). Suppose 0 = -2*z - 2*x - j + 1, 0 = -5*x - 20. Let h = 8 - z. What are the prime factors of h?
2, 3
Suppose 2 = 3*p - 2*p, 0 = -4*v - 5*p + 570. Let j be (-4)/(((-54)/(-189))/(6/(-28))). Suppose j*q - 52 = v. What are the prime factors of q?
2
Let o(u) = -u**3 - 31*u**2 - 25*u - 169. List the prime factors of o(-32).
5, 331
Suppose 45 = -t + 4*t. Let y(a) = a**2 + a. Let b(j) = 19*j + 2. Let g(q) = b(q) - y(q). List the prime factors of g(t).
47
Suppose -6*z + 2304 = -0*z. Let p = -260 + z. What are the prime factors of p?
2, 31
Let i(a) = a**2 + a - 8. Let p be i(-4). Suppose 2*l = -4, 5*y + p*l - 100 = 3*y. What are the prime factors of y?
2, 3
Let r = 969 - 260. What are the prime factors of r?
709
Let w(t) = 4*t**2 + t - 4. Let f be w(-3). Suppose -2*k - 2*k - 59 = 5*a, 3*a = 4*k - f. Let c = a + 24. List the prime factors of c.
13
Let m(c) = -c**3 + 40*c**2 - 124*c + 54. What are the prime factors of m(36)?
2, 3, 43
Let z(w) = w**2 - 16*w - 15. Suppose -b + 2*b = 15. Let n be z(b). Let t = -21 - n. List the prime factors of t.
3
Suppose -2*c - 6 = -96. Suppose -4*u = 3*i - c, -i - 85 = -5*u + i. List the prime factors of u.
3, 5
Let w(b) = 4*b**2 - 3*b + 1. Let j be w(2). Let d(h) = -h**3 + 13*h**2 - 13*h - 14. List the prime factors of d(j).
5, 17
Let m = 25 - -55. Suppose x = -m - 3. Let d = x + 127. List the prime factors of d.
2, 11
Suppose -36*k = -38*k + 1044. Suppose 5*c - k - 53 = 0. What are the prime factors of c?
5, 23
Suppose 5*r + 5*c - 15 = 0, -5*r = -4*r + 5*c - 7. Let j(x) = x - r*x - 7 + 18. List the prime factors of j(8).
3
Let l = -103 - -105. Suppose -l*o + 6*o = -4*h + 1272, -o = -5*h - 324. List the prime factors of o.
11, 29
Suppose -2*r - 2*w = -r, -4*w = -5*r. Suppose r = 3*a - 15 - 54. What are the prime factors of a?
23
Suppose 0 = -3*c + 4*c + 14. Let m(z) = -z**2 + 9*z + 87. Let n be m(14). Let l = c + n. List the prime factors of l.
3
Let j = 186 - 54. Suppose -3*v + 338 = 5*y, 2*y + 0*v - 2*v - j = 0. List the prime factors of y.
67
Let j(g) = -g**2 + 14*g - 2. Let u be j(14). Let k(b) = -40*b + 6. What are the prime factors of k(u)?
2, 43
List the prime factors of 4/(-12) - (-5438)/6.
2, 3, 151
Let r(u) = -u**3 + 23*u**2 + 47*u + 12. Let v be r(22). Suppose 5*z - 4*f = 1400, 5*f + 130 - v = -5*z. List the prime factors of z.
2, 5, 7
Let b be 2*(-1 - (-25)/10). Suppose -3*h + 180 = b*a, -a - 330 = -6*a + h. List the prime factors of (0 - 0) + 4 + a.
3, 23
Let c(u) be the third derivative of 1/8*u**4 + 0*u - 3*u**2 + 0 - 1/3*u**3. List the prime factors of c(5).
13
Suppose 2*o - 4*s + 18 = 0, 3*o = -s - 2*s - 72. Let z = 40 + o. Suppose 0*p + p - z = 0. List the prime factors of p.
3, 7
Let s(l) = l**3 + 8*l**2 - 15*l + 2. Let q = 11 + -20. What are the prime factors of s(q)?
2, 7
Let m be ((-4)/6)/((-10)/(-135)). Let o = -8 - m. List the prime factors of o*(1 + -1 + 3).
3
Let n(q) = 7*q**2 + 3*q + 39. List the prime factors of n(9).
3, 211
Suppose 5*j - 101 = 199. What are the prime factors of (j/(-21))/(4/(-14))?
2, 5
Let q = -2181 + 3677. List the prime factors of q.
2, 11, 17
Let x = 4395 + -2257. What are the prime factors of x?
2, 1069
Suppose 2*i + 2 = 0, -5 = -3*x - 5*i + 5. Suppose 453 = 3*w + 3*d + 174, -x*w - 2*d + 462 = 0. List the prime factors of w.
2, 23
Let v(n) = 4*n**2 - 6*n + 3. Let y be (-2)/(-4) + 3/(-6). Let g be y/(-2) - (-1 + -3). What are the prime factors of v(g)?
43
Suppose -5*b - 3*b = -16. Let w be 3/b*8/3. What are the prime factors of w/6 - 1351/(-21)?
5, 13
Suppose 3*f - 19 = 14. Let d = f + -7. Suppose -48 = -z + d*c, 0 = 3*z + 2*c + 11 - 85. What are the prime factors of z?
2, 7
Suppose -8*d + 3197 + 5139 = 0. List the prime factors of d.
2, 521
Suppose 5*l - 4*k - 314 = 0, -5*k - 227 = -4*l + 26. List the prime factors of (0 - 1 - l)*(-10 + 7).
3, 7
Let p = -114 - -57. Let b = 3 + -18. Let j = b - p. List the prime factors of j.
2, 3, 7
Suppose -18 = -9*g - 0*g. Suppose -2*v + 16 + g = 0. List the prime factors of v.
3
Let a = -52 - -55. Suppose -3*l + 159 = b, -2*b - l - a*l = -310. List the prime factors of b.
3, 7
Suppose -2*f - 3*f + 15 = 0. Suppose 0 = f*a - 14 - 25. Suppose a*v = 18*v - 130. List the prime factors of v.
2, 13
Let k(n) = -n**3 - 23*n**2 + 23*n + 31. List the prime factors of k(-24).
5, 11
Let f be 10/(-8)*(-2 - 2). Suppose 16 = 3*h + 2*l, h + 2 = 4*l - 16. Suppose -h*r + 4*r - 28 = -a, f*r - 61 = -2*a. What are the prime factors of a?
2, 3
Suppose -17 - 4185 = -11*l. List the prime factors of l.
2, 191
What are the prime factors of ((-2656)/24)/(9/(-54))?
2, 83
Let j(m) = 15*m**2 + 10*m**2 - 24*m**2 - 4*m + 6. Let o be j(3). Suppose -t - 70 = -o*t. What are the prime factors of t?
5, 7
Suppose -65*i = -62*i - 1365. List the prime factors of i.
5, 7, 13
Let n be 2 - (-15366)/15 - 2/5. Suppose 0 = -b - 3*p + 214, 4*b - n = -b - 4*p. What are the prime factors of b?
2, 101
Suppose -c + 3*h + 21 = 2, -4*c - h + 11 = 0. Suppose s + 5*f = -168, 4*s + c*f + 325 + 267 = 0. Let a = -80 - s. What are the prime factors of a?
3, 7
Let b(o) = 6*o**2 + 6*o - 1. Let q(u) = -2*u**2 + 4*u. Let p be q(3). What are the prime factors of b(p)?
179
Let o = 27 - 29. What are the prime factors of ((-108)/21)/(o/7)?
2, 3
Let b(x) = -x**3 - 3*x**2 + 5*x + 7. Let w be b(-6). Suppose -4*s = -w + 1. List the prime factors of s.
3, 7
Let f(u) = -u**2 - u. Let t(s) = 5*s**2 - 11*s + 13. Suppose 4*p + 4 = 5*p. Let y(v) = p*f(v) + t(v). List the prime factors of y(15).
13
Suppose -67 = 5*t - 22. Let c(w) = w**3 + 8*w**2 - 21*w + 9. What are the prime factors of c(t)?
3, 13
Suppose 36*w - 31*w - 4555 = 0. List the prime factors of w.
911
Suppose 4*d + 31*k = 36*k + 3249, d - 811 = k. What are the prime factors of d?
2, 13, 31
Let h = 11 - 23. Let i = 26 + h. What are the prime factors of (-8)/(-28) + 318/i?
23
Let l = 3967 - 2110. List the prime factors of l.
3, 619
What are the prime factors of 11/(385/76482) - 30/25?
2, 3, 7, 13
Let g(i) = 5*i**2 - 2*i - 2. Let y be g(3). Suppose -4 = 3*j - y. Suppose 2*d + 4*b - j = 29, 3*b = 2*d - 26. What are the prime factors of d?
2
Suppose -196 = -4*j + t, -2*j - j + t = -147. Let p = 85 - j. List the prime factors of p.
2, 3
Suppose 0 = v + 2, -4*y + 74 = v + 4*v. Suppose 0 = 4*n - 185 + y. List the prime factors of n.
41
Suppose -5*w - 2*t = 29, -2*w - 3*t - 20 = 2*t. List the prime factors of (w + 0)/(-5) + 16.
17
Let q(l) = -6*l - 14. Let o be q(6). What are the prime factors of (2 - (o - 1)) + -1?
2, 13
Suppose w = -2*w - 4*g - 1, 8 = 4*w + 3*g. Let k be (0/2)/(-10 - -9). Suppose w*f - 208 + 28 = k. What are the prime factors of f?
2, 3
Suppose 35 = 12*g + 11. Suppose 556 = 5*w + 2*d - 572, 460 = g*w + 3*d. What are the prime factors of w?
2, 7
Let x(t) = t + 20. Let r be x(9). Suppose -5*u = 3*k - 5, 2*u - r = 4*k - 1. Suppose u = -4*q + 88. List the prime factors of q.
3, 7
Suppose 0 = -b - b + 4, l + 2*b - 4 = 0. Suppose -4*f + 8 = l, 2*p - 395 = -p - 4*f. Suppose -78 = -3*a + p. What are the prime factors of a?
3, 23
Suppose -6 = 2*f + 2*p, -3*p + 6 - 3 = 0. Let j be (-194)/4*(f + -6). What are the prime factors of (-1)/4 + j/20?
2, 3
Suppose -446 = -21*r + 61252. What are the prime factors of r?
2, 13, 113
Suppose 0*f + 3*f = 252. Let u = f - 21. Suppose 2*q - x = u, 0*q + 3*x + 96 = 3*q. List the prime factors of q.
31
Suppose 0 = -4*a - a + 5*h - 5, -a - h + 5 = 0. Suppose 0 = a*v - v - 88. Let i = -57 + v. What are the prime factors of i?
31
Let y be ((-1)/2)/((-2)/16). Let m = -47 + 50. Suppose -63 = -y*o - 5*a, -4*o - 5*a + 12 = -m*o. List the prime factors of o.
17
Suppose 8*q + 15 = 39. Suppose -q*z = -0*s - 2*s - 294, z - 5*s = 85. What are the prime factors of z?
2, 5
Suppose 20 = 7*m - 2*m. What are the prime factors of (-47)/(m/(-8 - -4))?
47
Suppose 8*g = 5*g - 180.